of 122913804 and 26?
26
What is the highest common factor of 501 and 15207?
3
Calculate the greatest common factor of 60040 and 1472120.
760
Calculate the greatest common factor of 57607 and 891.
11
What is the highest common divisor of 94285 and 148785?
545
Calculate the greatest common divisor of 413345187 and 662.
331
Calculate the greatest common factor of 32806 and 114727.
47
What is the greatest common factor of 17790999 and 36?
3
What is the greatest common factor of 25921 and 9082493?
1127
Calculate the highest common factor of 8680 and 6312250.
70
What is the highest common factor of 17064 and 2882817?
27
Calculate the highest common factor of 425 and 91217716.
17
Calculate the greatest common factor of 647078 and 1358606.
2578
What is the greatest common divisor of 8381 and 15797029?
289
What is the greatest common factor of 8375 and 38840?
5
Calculate the highest common factor of 131010 and 178310.
110
What is the greatest common divisor of 2 and 4363679?
1
What is the greatest common divisor of 13171408 and 19?
19
What is the highest common divisor of 25522 and 10934?
14
What is the highest common divisor of 339 and 197731920?
339
Calculate the greatest common factor of 1440170 and 873217.
1823
Calculate the highest common factor of 38008829 and 24124.
163
Calculate the highest common divisor of 80968431 and 8068.
2017
What is the highest common divisor of 7741057 and 783?
29
What is the highest common factor of 4806214 and 294?
98
What is the greatest common factor of 186 and 5379027?
93
What is the highest common factor of 7885275 and 150?
75
What is the greatest common divisor of 258930 and 1330?
70
Calculate the highest common divisor of 27825 and 132447.
1113
What is the highest common factor of 10000 and 1764600?
200
What is the highest common divisor of 19584 and 52944?
48
Calculate the highest common factor of 20510995 and 27125.
155
What is the highest common divisor of 38064296 and 2052?
76
What is the greatest common factor of 2413 and 9599104?
19
What is the highest common factor of 9860 and 893432?
116
What is the highest common divisor of 18586 and 138?
2
What is the greatest common divisor of 6429621 and 2244?
561
What is the highest common divisor of 2115 and 633375?
45
Calculate the highest common divisor of 231015018 and 111267.
12363
What is the highest common factor of 168 and 84855036?
84
What is the highest common factor of 15226 and 473992?
662
Calculate the greatest common factor of 26176 and 6572630.
818
What is the greatest common divisor of 932 and 191519476?
932
Calculate the greatest common divisor of 140306 and 345436.
146
Calculate the greatest common divisor of 2093 and 60260473.
91
Calculate the greatest common divisor of 112385307 and 15.
3
What is the greatest common factor of 377410 and 3740?
110
Calculate the highest common factor of 498385 and 200870.
1895
What is the greatest common divisor of 6 and 934652?
2
Calculate the greatest common divisor of 33147 and 150876.
1143
Calculate the greatest common divisor of 35690 and 1075680.
830
What is the greatest common divisor of 157476 and 4884?
132
Calculate the greatest common factor of 5355714 and 90272.
182
Calculate the greatest common divisor of 246 and 37.
1
What is the greatest common factor of 788073 and 13?
13
Calculate the greatest common factor of 10 and 1044518.
2
What is the greatest common factor of 1680 and 1241268?
84
What is the highest common factor of 2733 and 12361359?
2733
Calculate the greatest common divisor of 64372 and 1478092.
308
What is the highest common factor of 104 and 150473570?
26
Calculate the highest common factor of 381020 and 5440.
20
What is the highest common divisor of 86632 and 18530330?
1274
Calculate the greatest common factor of 681827 and 56834.
181
Calculate the greatest common factor of 614222 and 11444242.
1202
What is the highest common factor of 7289 and 4681508?
197
Calculate the highest common factor of 219443 and 41354.
667
Calculate the greatest common factor of 62928 and 6178230.
342
Calculate the greatest common factor of 734 and 2763143.
367
What is the greatest common factor of 15972 and 17259?
33
What is the highest common factor of 19208 and 3808?
56
What is the greatest common divisor of 32 and 254160?
16
Calculate the highest common divisor of 178540 and 105655.
565
What is the highest common factor of 7486128 and 224976?
2064
Calculate the greatest common factor of 30674762 and 14.
2
Calculate the highest common divisor of 23283694 and 406.
406
What is the highest common factor of 8211 and 24364893?
357
What is the greatest common factor of 39 and 178545?
3
What is the greatest common factor of 12727506 and 135971?
517
Calculate the highest common factor of 111525825 and 2472.
309
What is the highest common divisor of 22267304 and 3184?
1592
Calculate the highest common divisor of 53816 and 38592799.
6727
Calculate the greatest common divisor of 152 and 1323536.
8
What is the greatest common divisor of 80704 and 211744?
416
What is the greatest common factor of 67321935 and 92259?
5427
What is the highest common factor of 684988750 and 30?
10
What is the greatest common factor of 9023748 and 247020?
2148
Calculate the greatest common divisor of 210 and 30226490.
70
Calculate the greatest common divisor of 21687 and 177.
3
Calculate the greatest common factor of 406998 and 54.
54
Calculate the greatest common divisor of 245 and 1177421.
49
What is the highest common divisor of 700976677 and 131?
131
Calculate the greatest common factor of 32207 and 2580774.
301
What is the greatest common factor of 2052365 and 9065?
245
What is the greatest common divisor of 680472 and 724464?
936
Calculate the greatest common factor of 2264128 and 1632.
544
What is the highest common factor of 1631 and 11707171?
7
Calculate the greatest common factor of 1204 and 5149648.
28
Calculate the greatest common factor of 35705210 and 107215.
2615
What is the greatest common divisor of 160 and 4719760?
80
Calculate the highest common factor of 1193173802 and 202.
202
What is the greatest common factor of 285 and 28439143?
19
What is the highest common factor of 109264872 and 216?
24
What is the greatest common factor of 9845 and 264361520?
895
What is the greatest common divisor of 7428 and 2121949332?
7428
Calculate the highest common divisor of 1272 and 1030956.
636
What is the highest common divisor of 460 and 2051728?
4
Calculate the greatest common factor of 538709460 and 6.
6
Calculate the greatest common divisor of 414922 and 4471422.
2318
What is the greatest common factor of 3922 and 5610421?
1961
Calculate the highest common divisor of 21 and 112895391.
21
What is the greatest common divisor of 146288 and 3014320?
656
Calculate the greatest common divisor of 1012 and 37924148.
92
Calculate the greatest common divisor of 4232031 and 408.
51
What is the highest common divisor of 2025845 and 18430?
485
Calculate the greatest common divisor of 221560 and 3696630.
290
Calculate the greatest common divisor of 142803 and 915489.
1107
What is the highest common factor of 1587 and 43934508?
1587
Calculate the greatest common factor of 2670 and 16138014.
534
What is the highest common factor of 11070 and 17094294?
2214
Calculate the greatest common divisor of 55723239 and 1914.
957
What is the highest common factor of 3519 and 17597448?
153
What is the highest common factor of 6192138 and 3857?
551
Calculate the highest common factor of 3220350 and 4200.
1050
Calculate the highest common factor of 13308 and 17196.
12
Calculate the highest common divisor of 242 and 12984994.
242
Calculate the greatest common factor of 1231021037 and 2713.
2713
Calculate the highest common divisor of 330 and 119445.
15
Calculate the highest common factor of 134620360 and 560.
280
Calculate the greatest common factor of 1160 and 472140.
20
Calculate the highest common factor of 368505 and 2659270.
2155
What is the highest common factor of 11938 and 14758?
94
What is the greatest common factor of 120 and 8815848?
24
What is the greatest common divisor of 97140203 and 467?
467
What is the greatest common divisor of 139708 and 32617864?
2636
Calculate the greatest common factor of 204 and 53262904.
68
What is the greatest common